ivided by 14.
11
What is the remainder when 309 is divided by 69?
33
What is the remainder when 1762 is divided by 14?
12
Calculate the remainder when 269 is divided by 21.
17
What is the remainder when 20679 is divided by 18?
15
What is the remainder when 321 is divided by 115?
91
Calculate the remainder when 2887 is divided by 263.
257
Calculate the remainder when 8857 is divided by 10.
7
Calculate the remainder when 317 is divided by 40.
37
Calculate the remainder when 3014 is divided by 127.
93
Calculate the remainder when 1872 is divided by 75.
72
What is the remainder when 3361 is divided by 9?
4
What is the remainder when 465 is divided by 454?
11
Calculate the remainder when 375 is divided by 7.
4
What is the remainder when 48 is divided by 27?
21
Calculate the remainder when 184 is divided by 10.
4
What is the remainder when 383 is divided by 139?
105
What is the remainder when 171 is divided by 64?
43
Calculate the remainder when 64 is divided by 42.
22
Calculate the remainder when 95 is divided by 46.
3
Calculate the remainder when 1301 is divided by 8.
5
Calculate the remainder when 59 is divided by 4.
3
Calculate the remainder when 757 is divided by 148.
17
Calculate the remainder when 37 is divided by 13.
11
Calculate the remainder when 868 is divided by 29.
27
What is the remainder when 1382 is divided by 33?
29
What is the remainder when 56 is divided by 55?
1
Calculate the remainder when 207 is divided by 53.
48
What is the remainder when 261 is divided by 17?
6
What is the remainder when 5965 is divided by 38?
37
Calculate the remainder when 421 is divided by 39.
31
Calculate the remainder when 407 is divided by 12.
11
What is the remainder when 44 is divided by 13?
5
What is the remainder when 87 is divided by 13?
9
Calculate the remainder when 12569 is divided by 14.
11
What is the remainder when 40 is divided by 21?
19
What is the remainder when 2072 is divided by 10?
2
Calculate the remainder when 5494 is divided by 262.
254
What is the remainder when 42 is divided by 1?
0
What is the remainder when 1739 is divided by 116?
115
What is the remainder when 523 is divided by 515?
8
What is the remainder when 127 is divided by 22?
17
Calculate the remainder when 291 is divided by 185.
106
Calculate the remainder when 201 is divided by 51.
48
Calculate the remainder when 123 is divided by 121.
2
What is the remainder when 53 is divided by 22?
9
What is the remainder when 431 is divided by 92?
63
What is the remainder when 3403 is divided by 148?
147
What is the remainder when 173 is divided by 31?
18
What is the remainder when 136 is divided by 55?
26
What is the remainder when 44 is divided by 6?
2
What is the remainder when 415 is divided by 116?
67
What is the remainder when 143 is divided by 140?
3
What is the remainder when 3076 is divided by 38?
36
Calculate the remainder when 7307 is divided by 85.
82
Calculate the remainder when 90 is divided by 31.
28
What is the remainder when 339 is divided by 49?
45
Calculate the remainder when 297 is divided by 12.
9
What is the remainder when 184 is divided by 135?
49
What is the remainder when 576 is divided by 33?
15
What is the remainder when 983 is divided by 24?
23
Calculate the remainder when 1175 is divided by 84.
83
Calculate the remainder when 610 is divided by 36.
34
Calculate the remainder when 17 is divided by 9.
8
What is the remainder when 1062 is divided by 348?
18
What is the remainder when 473 is divided by 147?
32
Calculate the remainder when 935 is divided by 78.
77
Calculate the remainder when 1972 is divided by 103.
15
What is the remainder when 104 is divided by 60?
44
Calculate the remainder when 674 is divided by 19.
9
Calculate the remainder when 244 is divided by 40.
4
What is the remainder when 318 is divided by 171?
147
Calculate the remainder when 3588 is divided by 21.
18
What is the remainder when 246 is divided by 50?
46
Calculate the remainder when 143 is divided by 28.
3
What is the remainder when 556 is divided by 133?
24
What is the remainder when 72 is divided by 71?
1
Calculate the remainder when 154 is divided by 32.
26
What is the remainder when 74 is divided by 16?
10
What is the remainder when 623 is divided by 25?
23
Calculate the remainder when 232 is divided by 12.
4
What is the remainder when 101 is divided by 35?
31
What is the remainder when 167 is divided by 42?
41
Calculate the remainder when 456 is divided by 27.
24
Calculate the remainder when 2825 is divided by 38.
13
What is the remainder when 445 is divided by 114?
103
Calculate the remainder when 45796 is divided by 17.
15
Calculate the remainder when 152 is divided by 31.
28
What is the remainder when 369 is divided by 96?
81
What is the remainder when 5 is divided by 5?
0
What is the remainder when 17 is divided by 5?
2
What is the remainder when 1376 is divided by 92?
88
What is the remainder when 798 is divided by 80?
78
What is the remainder when 172 is divided by 3?
1
Calculate the remainder when 877 is divided by 20.
17
Calculate the remainder when 319 is divided by 34.
13
Calculate the remainder when 3193 is divided by 61.
21
What is the remainder when 772 is divided by 720?
52
Calculate the remainder when 12476 is divided by 34.
32
Calculate the remainder when 1782 is divided by 77.
11
Calculate the remainder when 287 is divided by 36.
35
Calculate the remainder when 220 is divided by 15.
10
What is the remainder when 1417 is divided by 51?
40
Calculate the remainder when 264 is divided by 17.
9
Calculate the remainder when 568 is divided by 31.
10
What is the remainder when 74 is divided by 25?
24
Calculate the remainder when 961 is divided by 19.
11
What is the remainder when 61 is divided by 28?
5
What is the remainder when 73 is divided by 11?
7
Calculate the remainder when 1466 is divided by 485.
11
Calculate the remainder when 23 is divided by 6.
5
What is the remainder when 233 is divided by 32?
9
What is the remainder when 570 is divided by 164?
78
What is the remainder when 752 is divided by 5?
2
Calculate the remainder when 429 is divided by 212.
5
What is the remainder when 1322 is divided by 23?
11
What is the remainder when 86201 is divided by 23?
20
Calculate the remainder when 865 is divided by 249.
118
Calculate the remainder when 2317 is divided by 19.
18
Calculate the remainder when 1525 is divided by 51.
46
What is the remainder when 247 is divided by 54?
31
Calculate the remainder when 685 is divided by 55.
25
What is the remainder when 748 is divided by 252?
244
Calculate the remainder when 115 is divided by 10.
5
What is the remainder when 351 is divided by 147?
57
What is the remainder when 1115 is divided by 93?
92
Calculate the remainder when 712 is divided by 17.
15
What is the remainder when 162 is divided by 61?
40
What is the remainder when 997 is divided by 50?
47
What is the remainder when 1257 is divided by 63?
60
Calculate the remainder when 1063 is divided by 28.
27
What is the remainder when 1665 is divided by 14?
13
Calculate the remainder when 368 is divided by 76.
64
What is the remainder when 91 is divided by 37?
17
What is the remainder when 10 is divided by 3?
1
What is the remainder when 9757 is divided by 10?
7
Calculate the remainder when 3752 is divided by 5.
2
Calculate the remainder when 138 is divided by 24.
18
What is the remainder when 1040 is divided by 95?
90
What is the remainder when 181 is divided by 74?
33
What is the remainder when 21 is divided by 6?
3
Calculate the remainder when 5036 is divided by 120.
116
Calculate the remainder when 221 is divided by 37.
36
What is the remainder when 140 is divided by 52?
36
What is the remainder when 92 is divided by 88?
4
What is the remainder when 5643 is divided by 21?
15
What is the remainder when 786 is divided by 134?
116
Calculate the remainder when 142 is divided by 11.
10
What is the remainder when 155 is divided by 53?
49
What is the remainder when 513 is divided by 37?
32
What is the remainder when 2979 is divided by 34?
21
What is the remainder when 4361 is divided by 311?
7
What is the remainder when 60 is divided by 5?
0
Calculate the remainder when 261 is divided by 53.
49
Calculate the remainder when 8047 is divided by 23.
20
Calculate the remainder w